on divisor of 6 and v?
2
Suppose -34*v + 11025 = v. Calculate the greatest common divisor of v and 27.
9
Let i be (63/7)/((-3)/(-9)). What is the highest common factor of 45 and i?
9
Let q = -157 + 181. Let t = 58 + -34. What is the greatest common factor of t and q?
24
Suppose -4*k + 35 = -3*o, -5*k + 2*o + 19 = -16. Let m be 38/(1*((-9)/3 + k)). Let v be 133 + (-1 + 1)/1. Calculate the greatest common factor of m and v.
19
Suppose -3*j - 3*y + 20 = 2*j, -2*j = -2*y - 8. Suppose q = -q - 4*b + 56, -110 = -5*q - j*b. What is the greatest common divisor of 144 and q?
18
Let a(y) = 3*y**3 - 7*y**2 + y - 4. Let c be a(5). Suppose f + 123 = 3*q - f, 5*q = 2*f + c. What is the greatest common divisor of q and 3?
3
Suppose 5*r + 108 = -r. Let m be r/(-10)*(10 + -5). Let l(h) = -7*h**3 - h**2 - h - 1. Let j be l(-1). Calculate the greatest common divisor of j and m.
3
Suppose 5814 = 1143*o - 1137*o. Calculate the greatest common divisor of o and 17.
17
Let b be (-47094)/(-66) + 6/(-11). Calculate the highest common divisor of b and 115.
23
Suppose -76 = -x + 5*u + 28, 0 = -4*u - 16. Suppose -15 = -3*v + x. Calculate the highest common factor of 66 and v.
33
Suppose 4*b = 0, 3*g = -0*g + 2*b + 9. Let p(m) = 9*m**2 - 6. Let x be p(g). Let j be (-10)/(2/(-3) - 0). What is the greatest common factor of j and x?
15
Let z(v) = v + 9. Let l be z(-8). Let f = l - -2. Suppose 2*a = f*m + 22, 0*a - m = -2*a + 18. What is the greatest common factor of a and 32?
8
Let f = -3 - 28. Let y = 71 + f. Suppose -3*d - 5*b = -40, 5*d - 4*b - y = 2. Calculate the greatest common factor of 2 and d.
2
Let y(l) = 3*l**2 - 3*l + 10. Let p be y(6). Calculate the greatest common factor of 24 and p.
4
Let d be ((-108)/48)/9 + 314/8. Calculate the highest common divisor of d and 21.
3
Let r be (-7)/(-105)*6 + (-53)/(-5). Let t = 190 + -102. Calculate the highest common factor of r and t.
11
Let p be 2/(-3) + (-17)/(-3). Suppose -45 = p*m - 4*m. Let o be -10*(-9)/(m/(-20)). What is the greatest common factor of 60 and o?
20
Let w = -20 + 29. Suppose w*y - 90 = 7*y. Let f = y + 72. What is the highest common factor of 13 and f?
13
Let f = -19 - -28. Suppose 0 = -2*i - m + 51, -5*i + 2*i + 3*m = -90. What is the greatest common divisor of i and f?
9
Suppose -64 - 2 = -3*f. Suppose 0 = 4*z - c - 966, 0 = -3*z - 5*c + c + 734. What is the greatest common factor of f and z?
22
Let v = 99 - 175. Let n = v + 131. What is the highest common divisor of 22 and n?
11
Let u(q) = q**2 - 20*q + 152. Let w be u(14). Calculate the greatest common divisor of w and 8.
4
Suppose -148 - 137 = -5*q + 3*t, -4*t + 200 = 3*q. Suppose 4*b - 2*f = 3*b + 30, -95 = -3*b + 5*f. What is the highest common divisor of b and q?
20
Let l be (-684)/(-2) - (-25 - -27). What is the highest common divisor of 85 and l?
85
Let x = 7 + 15. Suppose 107 = 53*k + 1. Calculate the highest common factor of k and x.
2
Let z(p) = p**2 - 9*p + 1. Suppose 10*b - 14*b + 36 = 0. Let s be z(b). Let a be 222 + 2 + (s - 5). What is the greatest common divisor of a and 20?
20
Let j be (8/(-3))/(-4)*6. Suppose -j*p = p. Suppose 5*w + 3*w - 176 = p. What is the greatest common factor of w and 154?
22
Let p = -34 + 268. Let f be (2/6 - 1)*-39. What is the greatest common divisor of f and p?
26
Let z be (-1 - (-4)/8)*0. Suppose -5*o - 4*o + 144 = z. Let u(w) = w**2 - w + 4. Let y be u(-3). What is the greatest common divisor of y and o?
16
Let l(x) = 11*x + 8. Let c be l(8). What is the highest common divisor of 128 and c?
32
Let w(m) = -m + 15. Let a be w(11). Suppose 4*x + 0*x + a = 0, 0 = -z - 5*x - 70. Let r be 3/(45/(-6))*z. Calculate the highest common factor of r and 13.
13
Let p = -5 - -12. Suppose 30*i = -165 + 585. What is the greatest common factor of i and p?
7
Let o be 220/(-385) + 15030/14. What is the greatest common divisor of 29 and o?
29
Let u = 22 - 17. Let z(x) = x**3 - 6*x**2 + 4*x - 5. Let t be z(u). Let b = t - -30. What is the highest common factor of b and 60?
20
Let r(j) = -j + 38. Let i be r(36). What is the greatest common divisor of i and 13?
1
Let r(x) = -3*x + 146. Let k be r(-10). Calculate the highest common divisor of k and 16.
16
Suppose 6*k - k = -2*w + 634, -k - 3*w + 132 = 0. Calculate the greatest common factor of 42 and k.
42
Suppose -g + 5*j + 67 = 0, -4*g - 4*j + 153 = -j. Suppose 7*w + 28 = 70. Calculate the greatest common divisor of g and w.
6
Let h be 2*(-116)/(-32) - 2/8. Let s be 7/(1/3*(-2 + 3)). What is the greatest common factor of h and s?
7
Suppose 0 = 2*s + 3*s - 125. Let v = 34 - s. Calculate the highest common factor of 3 and v.
3
Let g be 9*(-2)/3 - (-76 + -5). Calculate the highest common factor of g and 120.
15
Let j = 604 - 275. What is the highest common factor of 94 and j?
47
Suppose -448 = -4*d + 132. Suppose 0 = 3*m + 2*m - 145. What is the highest common divisor of m and d?
29
Suppose 111*s = 115*s - 200. Suppose s = 6*f - 40. Calculate the greatest common factor of 6 and f.
3
Let c be ((-9)/(-15) + (-4)/(-10))*12. Suppose -2*w + 156 = -180. Calculate the greatest common divisor of c and w.
12
Let o be 9328/240 + 6/45. Let y = -4 + 7. Calculate the greatest common factor of o and y.
3
Let s be 5 + 7 + -1 - -7. Let d = -6 - -8. What is the greatest common divisor of s and d?
2
Suppose -8*p + p + 189 = 0. Let h = -24 + p. Suppose 3*a = -12, -2*a - 38 = -h*q + 3. Calculate the greatest common divisor of 11 and q.
11
Let t(a) = 13*a - 390. Let z be t(38). Let l be (-1)/4 + 159/12. Calculate the greatest common factor of z and l.
13
Let x be -1*(6 - 8) + (1 - 0). Suppose -3*y + 3 = 9. Let r = 4 - y. What is the greatest common divisor of r and x?
3
Let u be (-14674)/(-203) - (-2)/(-7). What is the highest common divisor of 9 and u?
9
Suppose 17*m - 3387 = 1781. Calculate the greatest common divisor of m and 112.
16
Let f be (-9 - -91) + (-6)/(-2 - 0). Let m(t) = 8*t + 3. Let s be m(-5). Let j = f + s. What is the highest common factor of 16 and j?
16
Suppose 0 = 2*g - 4, 5*g - g = -4*j + 980. Calculate the greatest common factor of j and 9.
9
Suppose 7*k = 21*k - 2310. What is the greatest common divisor of 55 and k?
55
Suppose -5*r = -3*a + 85, -2*r + a + 34 = -4*r. Let d = -11 - r. Calculate the highest common divisor of d and 3.
3
Suppose -30*i + 60*i - 5040 = 0. What is the highest common factor of 21 and i?
21
Suppose 1315 = 8*s + 259. Let l = s - 117. What is the highest common factor of l and 165?
15
Suppose -4*h = -25 + 5. Suppose 0 = -3*x - 2*o + 256, 0 = h*x - o - 129 - 289. What is the greatest common factor of 12 and x?
12
Let r be (-126)/21 - (-13 + 0). Calculate the highest common factor of r and 2443.
7
Suppose g + 31 = 3*o + 1, -3*g = 0. Suppose 0 = -b + 2 + o. Calculate the highest common divisor of b and 3.
3
Let q be (-4)/(-6) - 4*1190/(-60). What is the highest common factor of q and 1?
1
Let c = -6 - -8. Let r(v) = 5 - 1 + v + 0*v + c*v. Let u be r(2). What is the highest common divisor of u and 110?
10
Suppose -191*y + 187*y = -8. Suppose 0 = -k + 5 - y, 3*k - 537 = -4*s. What is the greatest common divisor of s and 12?
12
Let w = 16 + -7. Suppose 2*g + 3 - 14 = -h, 3*h = 2*g + w. Suppose h + 3 = 2*k. Calculate the highest common divisor of 8 and k.
4
Let w(t) = -24*t**3 + 2*t**2 - t + 3. Let k(r) = -r**3 + r**2. Let o(v) = 5*k(v) - w(v). Let f be o(1). Calculate the greatest common factor of f and 160.
20
Let g be 4/14 - (-760)/35. Let k = 24 - g. Suppose 4*u - 10 - k = 0. Calculate the greatest common divisor of u and 6.
3
Suppose d - 5*l = 29, -2*l + 3*l + 103 = 2*d. Let y = 105 - 103. Suppose 0 = -2*b - y*w + 8 - 0, 5*w = 5*b - 40. What is the greatest common factor of d and b?
6
Let c = -1060 + 1213. Calculate the highest common divisor of 68 and c.
17
Suppose 0*h + h = 3*b + 69, 0 = -h - b + 65. What is the highest common factor of h and 110?
22
Suppose 3*u = 3, 5*s + 13*u = 14*u + 39. Calculate the highest common factor of 114 and s.
2
Let w(x) = 2*x**2 - 3*x + 3. Let c be w(2). Suppose 7 = -3*h + 22, b - c*h = 77. Calculate the highest common divisor of b and 34.
34
Suppose 2 = -6*l + 7*l. Let x be (-6 + (1 - -6))/(l/24). Calculate the greatest common divisor of x and 8.
4
Suppose t + 3*r - 36 = 0, 48 = -3*t + 5*r + 212. Calculate the highest co